{"id":341,"date":"2011-08-23T09:00:44","date_gmt":"2011-08-23T07:00:44","guid":{"rendered":"http:\/\/vasterortskyrkan.wordpress.com\/?page_id=341"},"modified":"2025-07-24T15:33:52","modified_gmt":"2025-07-24T13:33:52","slug":"kyrkans-utsida","status":"publish","type":"page","link":"https:\/\/vasterortskyrkan.se\/index.php\/arkitektur-historia\/kyrkans-utsida\/","title":{"rendered":"Byggnaden &#8211; utsidan"},"content":{"rendered":"<p>V\u00e4sterortskyrkans form togs fram av Arkitekten Carl Nyr\u00e9n, som ville att kyrkan skulle framst\u00e5 som en \u00e4delsten &#8221;en rubin vid h\u00f6ghusj\u00e4ttarnas fot&#8221;.<\/p>\n<p><a href=\"https:\/\/vasterortskyrkan.se\/wp-content\/uploads\/2014\/08\/img_5185_a2.jpg\" data-wp-editing=\"1\"><br \/>\n<img loading=\"lazy\" decoding=\"async\" class=\"alignnone wp-image-1257 size-full\" src=\"https:\/\/vasterortskyrkan.se\/wp-content\/uploads\/2014\/08\/img_5185_a2.jpg\" alt=\"\" width=\"519\" height=\"768\" srcset=\"https:\/\/vasterortskyrkan.se\/wp-content\/uploads\/2014\/08\/img_5185_a2.jpg 519w, https:\/\/vasterortskyrkan.se\/wp-content\/uploads\/2014\/08\/img_5185_a2-203x300.jpg 203w\" sizes=\"auto, (max-width: 519px) 85vw, 519px\" \/><\/a><\/p>\n<p>Den \u00f6versta bilden \u00e4r tagen fr\u00e5n kyrkans parkering och visar den entr\u00e9 som anv\u00e4nds idag. Bilden \u00e4r tagen fr\u00e5n nord-v\u00e4st om kyrkan.<\/p>\n<p><a href=\"https:\/\/vasterortskyrkan.se\/wp-content\/uploads\/2014\/08\/img_4177_a.jpg\"><img loading=\"lazy\" decoding=\"async\" class=\"alignnone wp-image-1239 size-full\" src=\"https:\/\/vasterortskyrkan.se\/wp-content\/uploads\/2014\/08\/img_4177-scaled.jpg\" alt=\"\" width=\"2560\" height=\"1707\" srcset=\"https:\/\/vasterortskyrkan.se\/wp-content\/uploads\/2014\/08\/img_4177-scaled.jpg 2560w, https:\/\/vasterortskyrkan.se\/wp-content\/uploads\/2014\/08\/img_4177-300x200.jpg 300w, https:\/\/vasterortskyrkan.se\/wp-content\/uploads\/2014\/08\/img_4177-1024x683.jpg 1024w, https:\/\/vasterortskyrkan.se\/wp-content\/uploads\/2014\/08\/img_4177-768x512.jpg 768w, https:\/\/vasterortskyrkan.se\/wp-content\/uploads\/2014\/08\/img_4177-1536x1024.jpg 1536w, https:\/\/vasterortskyrkan.se\/wp-content\/uploads\/2014\/08\/img_4177-2048x1365.jpg 2048w\" sizes=\"auto, (max-width: 709px) 85vw, (max-width: 909px) 67vw, (max-width: 1362px) 62vw, 840px\" \/><\/a><\/p>\n<p>Den andra bilden \u00e4r tagen fr\u00e5n V\u00e4llingby Centrum, syd-v\u00e4st om kyrkan, och visar \u00e4ven det hyreshus som byggdes samtidigt med kyrkan av f\u00f6rsamlingens pionj\u00e4rer.<\/p>\n<p><a href=\"https:\/\/vasterortskyrkan.se\/wp-content\/uploads\/2014\/08\/img_4138_a.jpg\"><img loading=\"lazy\" decoding=\"async\" class=\"alignnone wp-image-1263 size-full\" src=\"https:\/\/vasterortskyrkan.se\/wp-content\/uploads\/2014\/08\/img_4138_a.jpg\" alt=\"\" width=\"778\" height=\"519\" srcset=\"https:\/\/vasterortskyrkan.se\/wp-content\/uploads\/2014\/08\/img_4138_a.jpg 778w, https:\/\/vasterortskyrkan.se\/wp-content\/uploads\/2014\/08\/img_4138_a-300x200.jpg 300w, https:\/\/vasterortskyrkan.se\/wp-content\/uploads\/2014\/08\/img_4138_a-768x512.jpg 768w\" sizes=\"auto, (max-width: 778px) 85vw, 778px\" \/><\/a><\/p>\n<p>F\u00f6ljer man trappan p\u00e5 baksidan, kommer man till V\u00e4sterortskyrkans ursprungliga entr\u00e9. H\u00e4r finns ett fint litet &#8221;torg&#8221; som vetter mot syd-ost. H\u00e4r \u00e4r det utm\u00e4rkt att ta en kopp kaffe en solig f\u00f6rmiddag eller g\u00e5 ut och ta emot sl\u00e4ktens jubel efter sin vigsel.<\/p>\n","protected":false},"excerpt":{"rendered":"<p>V\u00e4sterortskyrkans form togs fram av Arkitekten Carl Nyr\u00e9n, som ville att kyrkan skulle framst\u00e5 som en \u00e4delsten &#8221;en rubin vid h\u00f6ghusj\u00e4ttarnas fot&#8221;. Den \u00f6versta bilden \u00e4r tagen fr\u00e5n kyrkans parkering och visar den entr\u00e9 som anv\u00e4nds idag. Bilden \u00e4r tagen fr\u00e5n nord-v\u00e4st om kyrkan. Den andra bilden \u00e4r tagen fr\u00e5n V\u00e4llingby Centrum, syd-v\u00e4st om kyrkan, &hellip; <a href=\"https:\/\/vasterortskyrkan.se\/index.php\/arkitektur-historia\/kyrkans-utsida\/\" class=\"more-link\">Forts\u00e4tt l\u00e4sa<span class=\"screen-reader-text\"> \u201dByggnaden &#8211; utsidan\u201d<\/span><\/a><\/p>\n","protected":false},"author":1,"featured_media":0,"parent":128,"menu_order":0,"comment_status":"closed","ping_status":"closed","template":"","meta":{"jetpack_post_was_ever_published":false,"footnotes":""},"class_list":["post-341","page","type-page","status-publish","hentry"],"jetpack_sharing_enabled":true,"_links":{"self":[{"href":"https:\/\/vasterortskyrkan.se\/index.php\/wp-json\/wp\/v2\/pages\/341","targetHints":{"allow":["GET"]}}],"collection":[{"href":"https:\/\/vasterortskyrkan.se\/index.php\/wp-json\/wp\/v2\/pages"}],"about":[{"href":"https:\/\/vasterortskyrkan.se\/index.php\/wp-json\/wp\/v2\/types\/page"}],"author":[{"embeddable":true,"href":"https:\/\/vasterortskyrkan.se\/index.php\/wp-json\/wp\/v2\/users\/1"}],"replies":[{"embeddable":true,"href":"https:\/\/vasterortskyrkan.se\/index.php\/wp-json\/wp\/v2\/comments?post=341"}],"version-history":[{"count":3,"href":"https:\/\/vasterortskyrkan.se\/index.php\/wp-json\/wp\/v2\/pages\/341\/revisions"}],"predecessor-version":[{"id":5194,"href":"https:\/\/vasterortskyrkan.se\/index.php\/wp-json\/wp\/v2\/pages\/341\/revisions\/5194"}],"up":[{"embeddable":true,"href":"https:\/\/vasterortskyrkan.se\/index.php\/wp-json\/wp\/v2\/pages\/128"}],"wp:attachment":[{"href":"https:\/\/vasterortskyrkan.se\/index.php\/wp-json\/wp\/v2\/media?parent=341"}],"curies":[{"name":"wp","href":"https:\/\/api.w.org\/{rel}","templated":true}]}}

<p>Västerortskyrkans form togs fram av Arkitekten Carl Nyrén, som ville att kyrkan skulle framstå som en ädelsten &#8221;en rubin vid höghusjättarnas fot&#8221;.</p>
<p><a href="https://vasterortskyrkan.se/wp-content/uploads/2014/08/img_5185_a2.jpg" data-wp-editing="1"><br />
<img loading="lazy" decoding="async" class="alignnone wp-image-1257 size-full" src="https://vasterortskyrkan.se/wp-content/uploads/2014/08/img_5185_a2.jpg" alt="" width="519" height="768" srcset="https://vasterortskyrkan.se/wp-content/uploads/2014/08/img_5185_a2.jpg 519w, https://vasterortskyrkan.se/wp-content/uploads/2014/08/img_5185_a2-203x300.jpg 203w" sizes="auto, (max-width: 519px) 85vw, 519px" /></a></p>
<p>Den översta bilden är tagen från kyrkans parkering och visar den entré som används idag. Bilden är tagen från nord-väst om kyrkan.</p>
<p><a href="https://vasterortskyrkan.se/wp-content/uploads/2014/08/img_4177_a.jpg"><img loading="lazy" decoding="async" class="alignnone wp-image-1239 size-full" src="https://vasterortskyrkan.se/wp-content/uploads/2014/08/img_4177-scaled.jpg" alt="" width="2560" height="1707" srcset="https://vasterortskyrkan.se/wp-content/uploads/2014/08/img_4177-scaled.jpg 2560w, https://vasterortskyrkan.se/wp-content/uploads/2014/08/img_4177-300x200.jpg 300w, https://vasterortskyrkan.se/wp-content/uploads/2014/08/img_4177-1024x683.jpg 1024w, https://vasterortskyrkan.se/wp-content/uploads/2014/08/img_4177-768x512.jpg 768w, https://vasterortskyrkan.se/wp-content/uploads/2014/08/img_4177-1536x1024.jpg 1536w, https://vasterortskyrkan.se/wp-content/uploads/2014/08/img_4177-2048x1365.jpg 2048w" sizes="auto, (max-width: 709px) 85vw, (max-width: 909px) 67vw, (max-width: 1362px) 62vw, 840px" /></a></p>
<p>Den andra bilden är tagen från Vällingby Centrum, syd-väst om kyrkan, och visar även det hyreshus som byggdes samtidigt med kyrkan av församlingens pionjärer.</p>
<p><a href="https://vasterortskyrkan.se/wp-content/uploads/2014/08/img_4138_a.jpg"><img loading="lazy" decoding="async" class="alignnone wp-image-1263 size-full" src="https://vasterortskyrkan.se/wp-content/uploads/2014/08/img_4138_a.jpg" alt="" width="778" height="519" srcset="https://vasterortskyrkan.se/wp-content/uploads/2014/08/img_4138_a.jpg 778w, https://vasterortskyrkan.se/wp-content/uploads/2014/08/img_4138_a-300x200.jpg 300w, https://vasterortskyrkan.se/wp-content/uploads/2014/08/img_4138_a-768x512.jpg 768w" sizes="auto, (max-width: 778px) 85vw, 778px" /></a></p>
<p>Följer man trappan på baksidan, kommer man till Västerortskyrkans ursprungliga entré. Här finns ett fint litet &#8221;torg&#8221; som vetter mot syd-ost. Här är det utmärkt att ta en kopp kaffe en solig förmiddag eller gå ut och ta emot släktens jubel efter sin vigsel.</p>

<p>Västerortskyrkans form togs fram av Arkitekten Carl Nyrén, som ville att kyrkan skulle framstå som en ädelsten &#8221;en rubin vid höghusjättarnas fot&#8221;. Den översta bilden är tagen från kyrkans parkering och visar den entré som används idag. Bilden är tagen från nord-väst om kyrkan. Den andra bilden är tagen från Vällingby Centrum, syd-väst om kyrkan, &hellip; <a href="https://vasterortskyrkan.se/index.php/arkitektur-historia/kyrkans-utsida/" class="more-link">Fortsätt läsa<span class="screen-reader-text"> ”Byggnaden &#8211; utsidan”</span></a></p>
